2, 3
Let p be (-2)/(-2)*(0 + -4) + -2. What are the prime factors of 883/5 - p/15?
3, 59
Suppose 5*r - 2*r = 4*l + 196, 3*r + 2*l = 190. Let y = r + -17. What are the prime factors of y?
47
Suppose 5*b + s = 338 + 87, -b - s + 89 = 0. What are the prime factors of b?
2, 3, 7
Let g(x) = -78 + 2*x + 41 + 43. Let h be g(-2). Suppose 5*k - h*k - 99 = 0. What are the prime factors of k?
3, 11
Let u(n) = -246*n + 32. List the prime factors of u(-1).
2, 139
Let w(s) = -s**3 - 6*s**2 + s. Let q be w(-4). Let x be (-12)/(-6)*38 - 9. Let h = q + x. What are the prime factors of h?
31
Suppose -20 = 93*v - 98*v, 3*v + 7663 = 5*g. List the prime factors of g.
5, 307
Suppose 0 = -2*d + j + 975, -d + 394 = 4*j - 107. List the prime factors of d.
3, 163
Suppose 8157 = 13*f - 24590. List the prime factors of f.
11, 229
Suppose b - 4*b + 2*s = -3798, -5053 = -4*b - s. List the prime factors of b.
2, 79
Let x = 676 - -33. What are the prime factors of x?
709
Suppose 0 = -4*y - 2*d + 7382, -3*d + 5544 = 6*y - 3*y. List the prime factors of y.
19, 97
Suppose 2*u = -6*u + 448. Suppose -7*o + 2*o - y = -132, -2*o + u = 2*y. List the prime factors of o.
2, 13
Suppose -4*f + 37 - 1 = 0. Suppose -f*l - 5 = -743. Suppose 4*k - l = -3*o + 2*k, -4*o - 2*k + 110 = 0. List the prime factors of o.
2, 7
What are the prime factors of -74*(5 + 42/(-7))?
2, 37
Let p = 10 - 24. Let s be 3 - p*39/(-6). Let l = -48 - s. What are the prime factors of l?
2, 5
Let c be (-1814)/(-6) + 3/(-9). What are the prime factors of c/10 - 1/5?
2, 3, 5
Let x be 5*-5 + -2 + 2/1. Let c = -3 - x. What are the prime factors of c?
2, 11
Let u(m) be the second derivative of 4/3*m**3 - 4*m + 0 + 0*m**2 - 1/12*m**4. List the prime factors of u(5).
3, 5
Let i(z) = z**3 - 2*z**2 + 26*z - 24. List the prime factors of i(7).
13, 31
Suppose -4*m - 1186 = -h - 0*h, 0 = -5*h + 4*m + 5994. List the prime factors of h.
2, 601
Let o be (3*-1)/(30/(-110)). Let r = -5 + o. Suppose -r*z + 0*z = -102. What are the prime factors of z?
17
Let a(h) = 40*h**3 - 2*h**2 + 5*h - 3. Let b = 70 - 69. List the prime factors of a(b).
2, 5
Let o(p) be the first derivative of -3 - 7*p - 11/2*p**2. What are the prime factors of o(-4)?
37
Let r be (-6)/(-10) + 72/30. Suppose 3*n = -r*n + 36. Suppose -5*c + n = -4*c. List the prime factors of c.
2, 3
Let u(q) = -21*q - 24. Let z(c) = -c - 1. Let y(p) = -u(p) + 9*z(p). Let a = 23 - 18. What are the prime factors of y(a)?
3, 5
Let x(p) = -21*p - 10. List the prime factors of x(-18).
2, 23
Let v = 2632 + -1019. What are the prime factors of v?
1613
Let i = -4 + 6. Let z = -303 - -459. List the prime factors of z/8*(i + 0).
3, 13
What are the prime factors of ((-44154)/132)/(1/(-2))?
3, 223
Let q(w) = -4*w - 19. Suppose 5*v + 20 = 0, -v + 16 = -3*h + v. What are the prime factors of q(h)?
13
Let c(u) = 45*u + 73. List the prime factors of c(4).
11, 23
Suppose -52248 = 113*i - 285254. List the prime factors of i.
2, 1031
Suppose 4*w - 42 = -a, -12 + 72 = 5*w + 5*a. Suppose w*u = 12*u - 204. List the prime factors of u.
2, 3, 17
Let c(d) = -1402*d + 22. What are the prime factors of c(-1)?
2, 89
Suppose -2*q - 2 = -6, -5*m = -q - 8. Suppose m*b = -2*c + 184, 2*c + c - 3*b = 246. What are the prime factors of c?
3, 29
Suppose 2*s - 36 = -5*n, -1 = -n + 3. Suppose 4*m - 68 = s*m. Let i = 32 + m. List the prime factors of i.
3, 5
Let h = 25 - 22. Suppose -3*b = h*o + 456, -o = -b + 184 - 36. List the prime factors of (10/(-15))/(4/o).
5
Suppose 610 = l - 463. What are the prime factors of l?
29, 37
Suppose -8*a + 6*a + 4 = 0. Suppose 3*i + 7 + a = 0. Let z(h) = -3*h - 7. List the prime factors of z(i).
2
Let w be ((-8)/5)/((-2)/5). Suppose 18 = 3*v - 4*h, -4*h + 30 = 5*v - h. Suppose 2*u - w*y - 6 = -7*y, -v = -2*u - 5*y. List the prime factors of u.
3
Suppose 0 = 4*n - 2*n - 18. Suppose -3*t = -f - 10 + 3, -3*f + n = t. Suppose -t*w + 123 = -0*w. List the prime factors of w.
41
Suppose -2*x + d = x - 13, 0 = -5*x + 4*d + 24. What are the prime factors of 3 - (-3 - (8/x - -47))?
5, 11
Suppose 4*v - 6*o + 4*o = 26, 0 = 4*v + 3*o - 41. Let g be v/(-10) - (-58)/10. Suppose g*h - 135 = -0. What are the prime factors of h?
3
Suppose 0 = -5*h + 5*b + 785, -322 = -2*h - 0*b - 2*b. What are the prime factors of h?
3, 53
Suppose 0 = -3*k - 4*z - 3, 2*k + 2 = -4*z. List the prime factors of 1/(k - 3) - 13825/(-100).
2, 3, 23
Let v(y) = 2*y**2 - 8*y + 4. Let r be 4/(14/3 + -4). What are the prime factors of v(r)?
2, 7
Suppose 26*k = -10*k + 112464. What are the prime factors of k?
2, 11, 71
Let z = -54 - -98. Let c = 455 - 363. Let g = c - z. List the prime factors of g.
2, 3
What are the prime factors of (-6951)/(-7) + 0 + -7?
2, 17, 29
Let u = 1609 + -561. List the prime factors of u.
2, 131
List the prime factors of 718 + 4 + 40/8 + -5.
2, 19
Suppose -4*t + 68 = -4*w + 316, -w - 3*t + 70 = 0. Let b = w - 19. What are the prime factors of b?
3, 5
Let v(u) = -u**3 + u**2 + 3*u + 3. Let w be v(-2). List the prime factors of w/(-4*(-4)/144).
3
Let w = 19 - 27. Let b(n) = n**2 - 29*n - 20. Let k be b(29). Let i = w - k. What are the prime factors of i?
2, 3
Let d = 886 - -1256. What are the prime factors of d?
2, 3, 7, 17
Let b be 1571/(-11) + 4 + 2/(-11). Let t = 407 + b. What are the prime factors of t?
2, 67
Let m = -8 + 14. Let y(p) = -p**2 + 14*p - 9. List the prime factors of y(m).
3, 13
Let q(l) = l**3 + 15*l**2 - 6*l - 45. List the prime factors of q(-14).
5, 47
Let k(r) = 69*r - 171. What are the prime factors of k(13)?
2, 3, 11
List the prime factors of 12/15*2985/6.
2, 199
Let u(a) be the first derivative of -1/3*a**3 - 5*a**2 + 2 - 3*a. List the prime factors of u(-7).
2, 3
Let s be 2/(-7) + 262/(-14). Let q be -6 + 155/5 + 0/3. Let v = q + s. List the prime factors of v.
2, 3
Suppose 4*h + 4*d - 2812 = 0, 13*d - 10*d + 2798 = 4*h. List the prime factors of h.
701
Let j(b) = b**2 - 15*b - 6. Let u(z) = -4*z - 27. Let x be u(-11). What are the prime factors of j(x)?
2, 7
Suppose -4*c - d = 606, -4*d + 215 = -4*c - 401. What are the prime factors of (-33)/(-22)*c/(-6) - 0?
2, 19
Let h be -1 + (-58)/((-4)/2). Suppose 447*g = 452*g. Suppose 6*a - 2*a - h = g. List the prime factors of a.
7
List the prime factors of ((18 + -12)*63)/(2/3).
3, 7
Let y = 4511 + -2565. List the prime factors of y.
2, 7, 139
Suppose -147*a + 150*a - 357 = 0. List the prime factors of a.
7, 17
Suppose 2*f - 12 = -5*a - f, 3*a + 20 = 5*f. Suppose 7 + 80 = 2*v + 5*g, a = 5*v - 5*g - 235. What are the prime factors of v?
2, 23
Suppose 0 = -5*b + m + 314 - 1453, -3*m - 215 = b. Let x = -136 - b. List the prime factors of x.
7, 13
Let y(f) = -20*f + 11. Let v(s) = -s + 1. Let o(u) = -10*v(u) + 2*y(u). What are the prime factors of o(-2)?
2, 3
Let c be 5 - (9/(-3) + 3). Suppose 2*w = 3*m + 26, 6*m + 65 = c*w + 2*m. Let g = w - -19. What are the prime factors of g?
2
Suppose -4*w = -2*a + 28, 0 = 2*w - w + 5. Suppose y = -y + 4*i + 280, 0 = -4*y + a*i + 560. What are the prime factors of y?
2, 5, 7
Let o(b) = -3*b + 2. Let i be o(1). Let f(s) = -97*s**3 - s**2. List the prime factors of f(i).
2, 3
Let a(h) = -h**3 - 4*h**2 + 8*h - 19. Let c be a(-6). What are the prime factors of (4 + 1)/((-2)/(-390)*c)?
3, 5, 13
Suppose 112 = 7*n - 5*n + 4*l, -5*n = 2*l - 296. Let y = n + 133. List the prime factors of y.
193
Suppose -p + 81 = 3*a - 75, 0 = -4*p + 3*a + 654. List the prime factors of p.
2, 3
Let j(y) = 286*y - 38. List the prime factors of j(13).
2, 5, 23
Let h be (-4 + 72/15)*15/6. Suppose -5*u + 252 = -2*f - 68, -128 = -h*u - 5*f. List the prime factors of u.
2
Let k = 203 + -144. Suppose 4*g + k = 247. What are the prime factors of g?
47
Let b = 38 - 9. Suppose 72 = -25*l + b*l. What are the prime factors of l?
2, 3
List the prime factors of 161/(-28) + (-6)/(-8) - -565.
2, 5, 7
Let t(r) = 2*r**2 - 17*r - 3. Let s be t(12). Suppose -21*c + 18*c + s = 0. List the prime factors of c.
3
Suppose -76 = -2*c + 4*p, 3*c - 7*c = -5*p - 167. Let l be 28*(-92)/c*-3. Let i = l + -113. List the prime factors of i.
2, 3
Suppose -8*d = -3*d - 35. Suppose -5 = -b + m, -3*b + 7 = -2*m + d*m. Suppose -2*w + 5*c = -13, 4 = b*w - 5*c - 27. List the prime factors of w.
3
Let w(l) = -15*l + 43. Let z be w(7). Let k = z + 113. What are the 